t of 3307?
7
What is the thousands digit of 38084?
8
What is the thousands digit of 5857?
5
What is the hundreds digit of 2558?
5
What is the thousands digit of 17363?
7
What is the ten thousands digit of 30923?
3
What is the tens digit of 1381?
8
What is the hundreds digit of 15070?
0
What is the tens digit of 84024?
2
What is the tens digit of 2651?
5
What is the hundreds digit of 4925?
9
What is the hundreds digit of 3675?
6
What is the hundreds digit of 6033?
0
What is the thousands digit of 30736?
0
What is the tens digit of 612?
1
What is the thousands digit of 5104?
5
What is the hundreds digit of 109?
1
What is the ten thousands digit of 19969?
1
What is the units digit of 3010?
0
What is the units digit of 31?
1
What is the hundreds digit of 2424?
4
What is the thousands digit of 4719?
4
What is the hundreds digit of 455?
4
What is the thousands digit of 23131?
3
What is the units digit of 5906?
6
What is the units digit of 3337?
7
What is the tens digit of 551?
5
What is the tens digit of 13700?
0
What is the tens digit of 1039?
3
What is the hundreds digit of 1053?
0
What is the hundreds digit of 534?
5
What is the units digit of 947?
7
What is the tens digit of 4007?
0
What is the hundreds digit of 1768?
7
What is the hundreds digit of 2741?
7
What is the thousands digit of 1752?
1
What is the thousands digit of 1885?
1
What is the units digit of 4545?
5
What is the thousands digit of 6522?
6
What is the hundreds digit of 1615?
6
What is the thousands digit of 171413?
1
What is the units digit of 45?
5
What is the tens digit of 1028?
2
What is the units digit of 6083?
3
What is the units digit of 1543?
3
What is the tens digit of 1925?
2
What is the thousands digit of 1900?
1
What is the thousands digit of 2345?
2
What is the hundreds digit of 1247?
2
What is the hundreds digit of 155?
1
What is the hundreds digit of 66091?
0
What is the tens digit of 14190?
9
What is the thousands digit of 1997?
1
What is the hundreds digit of 622?
6
What is the thousands digit of 25928?
5
What is the thousands digit of 23490?
3
What is the thousands digit of 46005?
6
What is the thousands digit of 8688?
8
What is the tens digit of 7747?
4
What is the hundreds digit of 2518?
5
What is the tens digit of 1361?
6
What is the hundreds digit of 487?
4
What is the tens digit of 1207?
0
What is the hundreds digit of 948?
9
What is the units digit of 10130?
0
What is the hundreds digit of 5526?
5
What is the hundreds digit of 92975?
9
What is the units digit of 12628?
8
What is the tens digit of 14005?
0
What is the hundreds digit of 3890?
8
What is the thousands digit of 42451?
2
What is the ten thousands digit of 22053?
2
What is the tens digit of 5450?
5
What is the thousands digit of 7719?
7
What is the hundreds digit of 29218?
2
What is the ten thousands digit of 46400?
4
What is the hundreds digit of 602?
6
What is the tens digit of 12514?
1
What is the units digit of 1762?
2
What is the hundreds digit of 5892?
8
What is the units digit of 8525?
5
What is the tens digit of 18744?
4
What is the units digit of 2431?
1
What is the thousands digit of 1127?
1
What is the units digit of 4313?
3
What is the thousands digit of 1291?
1
What is the hundreds digit of 399?
3
What is the hundreds digit of 298?
2
What is the thousands digit of 1943?
1
What is the units digit of 3697?
7
What is the tens digit of 1435?
3
What is the thousands digit of 104190?
4
What is the thousands digit of 4660?
4
What is the thousands digit of 6528?
6
What is the units digit of 95100?
0
What is the units digit of 304?
4
What is the units digit of 51?
1
What is the tens digit of 16546?
4
What is the tens digit of 3397?
9
What is the ten thousands digit of 24689?
2
What is the tens digit of 2116?
1
What is the units digit of 943?
3
What is the thousands digit of 43014?
3
What is the units digit of 555?
5
What is the hundreds digit of 94290?
2
What is the hundreds digit of 2060?
0
What is the units digit of 3509?
9
What is the hundreds digit of 15963?
9
What is the tens digit of 238?
3
What is the tens digit of 3117?
1
What is the tens digit of 2369?
6
What is the thousands digit of 15872?
5
What is the units digit of 311?
1
What is the units digit of 19111?
1
What is the units digit of 1074?
4
What is the tens digit of 229?
2
What is the units digit of 591?
1
What is the hundreds digit of 1517?
5
What is the units digit of 25870?
0
What is the ten thousands digit of 58223?
5
What is the hundreds digit of 3868?
8
What is the thousands digit of 4779?
4
What is the thousands digit of 35690?
5
What is the hundred thousands digit of 129173?
1
What is the tens digit of 6405?
0
What is the tens digit of 173?
7
What is the ten thousands digit of 89278?
8
What is the tens digit of 4160?
6
What is the units digit of 637?
7
What is the hundreds digit of 26704?
7
What is the hundreds digit of 9747?
7
What is the units digit of 8627?
7
What is the units digit of 39510?
0
What is the units digit of 4414?
4
What is the hundreds digit of 944?
9
What is the tens digit of 52300?
0
What is the ten thousands digit of 148766?
4
What is the hundreds digit of 20992?
9
What is the hundreds digit of 427?
4
What is the hundreds digit of 4186?
1
What is the thousands digit of 52562?
2
What is the units digit of 2154?
4
What is the tens digit of 16067?
6
What is the units digit of 2796?
6
What is the tens digit of 1563?
6
What is the hundreds digit of 2947?
9
What is the units digit of 59004?
4
What is the hundreds digit of 7661?
6
What is the hundreds digit of 101?
1
What is the hundreds digit of 36773?
7
What is the tens digit of 212?
1
What is the tens digit of 8041?
4
What is the thousands digit of 2354?
2
What is the ten thousands digit of 13445?
1
What is the tens digit of 2948?
4
What is the units digit of 3229?
9
What is the hundreds digit of 5926?
9
What is the units digit of 164483?
3
What is the thousands digit of 67630?
7
What is the ten thousands digit of 23986?
2
What is the tens digit of 23182?
8
What is the units digit of 15099?
9
What is the ten thousands digit of 26865?
2
What is the hundreds digit of 2326?
3
What is the units digit of 2771?
1
What is the tens digit of 1192?
9
What is the tens digit of 30227?
2
What is the thousands digit of 15624?
5
What is the hundreds digit of 862?
8
What is the tens digit of 3486?
8
What is the hundreds digit of 25185?
1
What is the units digit of 14720?
0
What is the hundreds digit of 101294?
2
What is the hundreds digit of 1727?
7
What is the units digit of 63777?
7
What is the units digit of 1166?
6
What is the tens digit of 11623?
2
What is the tens digit of 1306?
0
What is the tens digit of 1298?
9
What is the hundreds digit of 28440?
4
What is the tens digit of 8013?
1
What is the ten thousands digit of 69434?
6
What is the hundred thousands digit of 119150?
1
What is the units digit of 11886?
6
What is the units digit of 2900?
0
What is the thousands digit of 37519?
7
What is the units digit of 457?
7
What is the hundreds digit of 54122?
1
What is the thousands digit of 2905?
2
What is the tens digit of 44701?
0
What is the units digit of 11530?
0
What is the thousands digit of 8956?
8
What is the units digit of 26801?
1
What is the hundreds digit of 245?
2
What is the ten thousands digit of 22397?
2
What is the hundreds digit of 212?
2
What is the hundreds digit of 4347?
3
What is the hundreds digit of 56970?
9
What is the thousands digit of 35682?
5
What is the units digit of 456?
6
What is the hundreds digit of 864?
8
What is the tens digit of 67540?
4
What is the ten thousands digit of 28967?
2
What is the units digit of 5378?
8
What is the units digit of 11069?
9
What is the hundreds digit of 542?
5
What is the units digit of 71647?
7
What is the tens digit of 432?
3
What is the tens digit of 1259?
5
What is the tens digit of 2757?
5
What is the hundreds digit of 362?
3
What is the units digit of 5251?
1
What is the units digit of 883?
3
What is the thousands digit of 7905?
7
What is the tens digit of 498?
9
What is the hundreds digit of 5263?
2
What is the units digit of 145?
5
What is the units digit of 20080?
0
What is the tens digit of 3230?
3
What is the units digit of 826?
6
What is the tens digit of 1039?
3
What is the thousands 